q - 1494, 3*w + 9 = 0. Is q composite?
True
Let r be 3/9*(1 + 116)/(-3). Let q(l) = -1133*l - 36. Is q(r) a prime number?
False
Let d = 1982 - 663. Suppose -10*a + d = -9*a. Is a prime?
True
Suppose 0 = 33*a - 15454596 - 3185355. Is a composite?
True
Let v(s) = 41917*s + 805. Is v(12) a prime number?
False
Let n = -75 - -80. Suppose -4*z + n = -k, 5*z + 3*k = 4 - 2. Is (-2)/(3 + z)*(-1704 + -2) a composite number?
False
Let r = 176938 - 73729. Is r prime?
False
Let a(p) be the first derivative of 2*p**3/3 - p**2 + 12*p + 6. Let w be a(15). Let c = 623 - w. Is c composite?
False
Let u(p) = 31*p - 19. Let z be u(1). Let t(i) = 4*i**3 - 18*i**2 + 34*i - 11. Is t(z) a composite number?
True
Let f be 4/(-66)*-3 + 360865/(-55). Let s = -2368 - f. Is s a prime number?
False
Let d(p) = 12*p**3 - 11*p**2 + 15*p + 18. Let u(w) = 10*w**3 - 10*w**2 + 14*w + 17. Let k(m) = -4*d(m) + 5*u(m). Let l = -7 - -15. Is k(l) prime?
True
Suppose -4*a + 19808 = -12*a. Let b = a + 5610. Let w = b + -2015. Is w composite?
True
Let p(x) = x - 183. Let n be p(4). Let f = 852 + n. Is f prime?
True
Let q(f) = 2*f**3 + 30*f**2 - 34*f - 30. Let d be q(-16). Suppose 2*g - 8564 = -3*x, 5*g - 22385 + 986 = -d*x. Is g a prime number?
False
Suppose -10 = -y - 2*r, 18 = 15*y - 11*y - 3*r. Is (5/(-35))/(y/(-204582)) prime?
True
Let a = 383433 - 270776. Is a composite?
False
Let g = 16009 + 22098. Is g prime?
False
Suppose -83*a + 90*a = 14. Suppose 2*n = -a*h + 6339 + 1141, h = -2*n + 3738. Is h a prime number?
False
Let x = 913264 - -1377051. Is x composite?
True
Is 3029897/39*(-30)/(-10) a composite number?
False
Suppose 5*p + 4*v = 7*v + 215089, 0 = -4*p + 19*v + 172038. Is p composite?
False
Let j(r) = 4 + 7 + r + 4. Let m be j(-18). Is 4 + (m - -2)*-287 a prime number?
False
Let l(t) = 1342*t**2 + 317*t - 2535. Is l(8) composite?
False
Suppose -8*t - 942 - 10 = 0. Let h = t + 345. Is h a composite number?
True
Let s(r) = -r. Let i(d) = 8*d - 18. Let m(n) = -i(n) - 4*s(n). Let t be m(4). Suppose 4*g + t*z - 554 = 0, -z = -0*z + 1. Is g a composite number?
False
Suppose -4*a + 12653 = 5*h - 812, -15 = 5*h. Suppose a = -3*c + 13*c. Let k = c + 0. Is k a prime number?
True
Let h be (-3)/60*-12*5. Suppose 0 = -h*p + 3*r + 576 + 3381, 2*r - 5270 = -4*p. Is p prime?
False
Let l(d) = 531*d + 5. Suppose -f = 4*a - 12, -5*a = -3*a + 3*f - 6. Suppose -2*s + 30 = a*j, 1 = -j + 2*s + s. Is l(j) composite?
False
Suppose -2*b = 227 + 923. Let g = b - -1130. Suppose g = 3*a - 522. Is a a composite number?
False
Let r(m) = m**2 - 3*m + 6. Let c be r(0). Suppose j + 416 = -4*d + c*j, 2*j - 305 = 3*d. Is (220/d - (-2)/9) + 37 a prime number?
False
Let d = -10487 + 19476. Is d prime?
False
Suppose -3*p + 12118 = 2*f, -p + 4022 = 13*f - 8*f. Let x = -2783 + p. Is x a composite number?
False
Let w be (-3)/((33/(-2))/11). Suppose -w*k - 2*k = -7388. Is k a prime number?
True
Let w = 9565 + -6774. Let h = w - 1524. Is h composite?
True
Suppose x - 2368 = -1913. Let y(r) = 3*r**2 - 4. Let l be y(-4). Let s = x - l. Is s composite?
True
Suppose -4*d - 21 + 33 = 0. Suppose -d*x + 24 = 12. Suppose -9*w + 5*w + 826 = 2*l, -x*l = 3*w - 1667. Is l prime?
True
Let s be 3022119/75 - 10/(-125). Suppose 0 = -4*n + 24173 + s. Is n a composite number?
True
Let x = 90 + -51. Let w(y) = -21 + x + 150*y - 25. Is w(2) composite?
False
Let f(z) = -254*z**3 + 4*z + 3. Let c be f(-1). Is (c/(-2) + 1)*-34 a composite number?
True
Suppose 42*g - 23*g + 17145288 = 91*g. Is g a prime number?
False
Let w(x) = 3154*x - 8629. Is w(56) prime?
False
Is ((-1 - 2) + -14783)/((-100)/250) prime?
False
Let u(k) = 46*k**2 + k + 109. Let x(d) = 9*d**2 + 22. Let g(r) = -2*u(r) + 11*x(r). Let w be g(6). Let b = 27 + w. Is b a prime number?
False
Let n = 99 + -75. Suppose 5*g - n = 3*l, 3*g - 6*l - 21 = -2*l. Suppose -5*h = -2*r + 4*r - 8245, 4*h - g*r - 6596 = 0. Is h a prime number?
False
Is 9 + (-12)/6*-2807 prime?
True
Suppose 0*w - 5*w = 5*h + 25, w - 22 = 2*h. Is 2344 + -1 + h + 5 a composite number?
False
Let l = 182863 - 86820. Is l a prime number?
True
Let m = -66 - -62. Let t(u) = 240*u - 3. Let w(k) = k + 1. Let g(v) = m*w(v) - t(v). Is g(-3) composite?
True
Suppose 9*r - 1118 = 142. Let c be (-5)/(r/(-8)) - 54/(-7). Is 29946/c - 4*(-3)/(-48) a prime number?
False
Suppose -150*c + 62786 = -138*c - 39586. Is c composite?
True
Suppose -a = b + 3, -2*b + 4*a + 12 = 3*b. Suppose b*p = 7*p - 103439. Is p a prime number?
False
Is 6*(12 + (-627760)/(-96)) prime?
False
Let z be 0/6 + 1178 + 0. Suppose -2356 = -4*v - 0*v + q, 0 = 2*v - 4*q - z. Is v prime?
False
Is (-2)/(32/(-1839952)) - 0 a composite number?
False
Let k be 15/(-30) + (-2)/4. Is (-604610)/(-70) - k*(-6)/21 prime?
False
Let v(p) = 4221*p + 19. Let l(q) = 2111*q + 9. Let y(c) = -7*l(c) + 4*v(c). Is y(4) prime?
False
Let h(f) = -f**3 + 19*f**2 + 23*f + 17. Suppose 15*w = 16*w - 20. Let v be h(w). Suppose -1990 = -79*q + v*q. Is q prime?
False
Let d(i) = 25*i - 7. Let t = -136 + 156. Is d(t) prime?
False
Suppose 3*f + 6 = 0, 2*u = 4*u + 4*f - 320. Suppose t - l = -u, -518 = 3*t - 4*l - 22. Is (11254/5)/((-64)/t) composite?
True
Suppose -8 = 4*h - 2*c + 2, 13 = -h + 4*c. Let l be (h/((-2)/(-380)))/(21 - 23). Suppose 0 = d + d - v - l, 0 = 2*d - 3*v - 97. Is d a prime number?
True
Suppose 0 = -t + 5*h, -t + 3*h + 1 + 1 = 0. Is 223/((-1)/(t/(-15)))*3 a composite number?
False
Is 4/18 + -4*3616034/(-72) a composite number?
False
Is (-6)/(-22) + ((-964540)/(-22))/1 a composite number?
True
Suppose -16 = 33*z - 41*z. Is (1651/z)/((-22)/(-44)) a prime number?
False
Let k(q) = 10174*q**3 + 17*q**2 - 93*q - 41. Is k(5) prime?
False
Let j(q) = 4*q - 59. Let r be j(15). Is -5261*(0 + 2 + -3)*r prime?
True
Suppose 25 + 31 = 28*y. Suppose 4*u - y*b - 85961 + 3119 = 0, 0 = 2*u - 5*b - 41417. Is u prime?
False
Suppose 218*b = 217*b + 4. Suppose b*a - 2*j = 68678, 4*j + 17177 = a + 2*j. Is a composite?
False
Suppose 6*x = 14*x - 7232. Let b = x - 491. Is b a prime number?
False
Suppose -6*m - 103190 = -16*m. Is m composite?
True
Suppose -6*a + 6 = -6. Suppose 642 = 3*k + 3*c - 18, -a*k + 4*c + 446 = 0. Is k composite?
True
Suppose -172949 - 208497 = 13*y. Let s = y + 51771. Is s composite?
True
Suppose -z + 6983 = 2*n, -14*z + 13996 = -12*z - n. Is z a prime number?
False
Suppose 4*i = -3088 - 2084. Let o = -671 - i. Is o a composite number?
True
Let k = -101 - -106. Suppose 21*n = -k*n + 191386. Is n prime?
False
Let h(r) = 88*r**2 - 5*r - 4. Let u be h(-6). Let p(k) = 1071*k**3 - k**2. Let q be p(-1). Let o = q + u. Is o prime?
False
Suppose -7*z - 7*z = -1932. Is 8/(-92) - (-10638)/z prime?
False
Let a = -30876 - -51977. Is a composite?
False
Suppose 9332 = 2*s - 4532. Suppose 4*g + 20 = 4*x, -3*x = -5*x - 3*g + 10. Suppose -x*d = -d - s. Is d composite?
False
Suppose c - 189 = -3*o, 0 = 2*c - 5*o - 425 - 8. Let j be 4/10 + c/(-60). Is (-2 - -3 - j) + 849 a composite number?
False
Suppose -4*d = -3*r - 516597, -78*d + 2*r + 258300 = -76*d. Is d prime?
False
Let t(i) = -2*i**2 - i + 11. Let f be t(0). Let n be (2/6)/((-1)/(-3))*f. Suppose -n*x + 3936 = -607. Is x prime?
False
Suppose -5*l - 3*z - 294 = -z, 0 = 2*l - 3*z + 110. Let k = 38 + l. Is (-3)/15 + -4 + (-7984)/k prime?
False
Suppose 5*f - 1679401 - 1331301 = u, -5*f = -5*u - 3010730. Is f a composite number?
True
Let n(c) = -1242*c - 110. Let p be n(-26). Suppose -4*o + 5*d = -32198, 2*o + p = 6*o + 3*d. Is o composite?
True
Suppose 14*i = 3*i. Suppose -4*k + 2564 = -i*k. Is k a composite number?
False
Let q be (-3 - 0/1)*2379/117. Let s = 82 + q. Is (-7)/(s/2)*29763/(-6) a prime number?
True
Let f(p) = 21*p + 144*p + 48 + 623*p - 13. Is f(6) a composite number?
True
Let v(r) = 3*r**2 + 10*r + 6. Suppose 0*l - 6*l = 54. Let t be v(l). Suppose 2*b + t = 5*g, 3 = -4*b - 5. Is g a composite number?
False
Is 1/6 + (1 - 691340/(-24)) a prime number?
True
Suppose 2*d = o - 20007, d - 60056 = 5*o - 8*o. Is o a composite number?
True
Let v(y) = -13*y**3 + 3*y + 5 + 4 - 2*y**2 + 8*y**3 - 4. Let h = -11 - -8. Is v(h) composite?
False
Suppose 98 - 86 = 6*u. Is 1*(1 - (-558 + u)) a prime number?
True
Let i(d) = 11034*d + 545. Is i(21) a prime number?
True
Is ((-2820898)/4)/(235/(-470)) prime?
True
Suppose -5*o + 4*s = -176, 0 = -4*o + 7